ative of -5*l**3/6 - 12*l**2 + 263*l + 213. Let o(m) be the first derivative of k(m). Give o(-5).
1
Let a(z) be the third derivative of 0*z + 0 - 17*z**2 + 1/12*z**4 + 1/3*z**3. Suppose 0 = -3*d + 2*d - 4. Calculate a(d).
-6
Suppose -4*b + 6*k - 2*k = 12, -4*b - 3*k - 19 = 0. Let u(z) be the third derivative of 0 - 1/60*z**5 - 5/24*z**4 + 1/2*z**3 - z**2 + 0*z. Give u(b).
7
Let p(q) be the second derivative of -q**5/20 + q**4/12 - q**3/3 + q**2 + 7743*q. Give p(-2).
18
Let o(p) be the first derivative of p**2/2 + 61*p - 2991. What is o(-19)?
42
Let m(n) = 15. Let q(v) = -v + 10. Let d(f) = -m(f) - q(f). Give d(21).
-4
Let d(r) = -7*r + 493. Let j be d(0). Let v(k) = 0*k - 496 + 3*k + j. Calculate v(3).
6
Let n(g) = -g**2 + 7*g + 13. Suppose 6*q - 24 = 96. Suppose -2*a - q = -32. Suppose -a*z + 5*z + 23 = 2*i, -2*z + 28 = 2*i. Give n(i).
-5
Let n(i) = i**3 + 5*i**2 + 4*i + 3. Let v(a) = 10*a**3 + a**2 + 6*a - 7. Let r be v(1). Suppose 0*x + 28 = 2*x. Suppose -x = z - r. What is n(z)?
3
Let d(r) = -r**2 + 5*r + 10. Let l(z) = -28*z - 164. Let a(o) = -56*o - 329. Let m(n) = -3*a(n) + 7*l(n). Let j be m(-6). Calculate d(j).
-4
Let w(o) be the third derivative of -o**6/120 + o**5/12 - o**4/12 - 2*o**3/3 - o**2 + 6481. Give w(0).
-4
Let x(i) = 4*i**3 + 3*i**2 + 8*i + 8. Let d(p) = -4*p**3 - 4*p**2 - 9*p - 10. Let t(v) = 2*d(v) + 3*x(v). What is t(-2)?
-36
Let i(o) = -3*o + 2. Let u(a) = 1. Let g(s) = i(s) + u(s). Let j(m) = 2*m - 2. Let t(c) = 5*g(c) + 7*j(c). Let n be (-3 - 48/(-9))*-3. What is t(n)?
8
Let b(k) = 4 + 2*k + 3*k - k. Let l be 22/6 + -1 - 43/((-2709)/(-672)). What is b(l)?
-28
Let v(d) = -2*d**2 - 13798*d**3 + 6 - 13809*d**3 + 27610*d**3 + 6*d. Give v(-1).
-5
Let w(g) be the second derivative of -g**3/6 + g**2 + 9*g. Let q = 164 + -159. Suppose -k + 4*t = -14, 12 + 1 = 2*k - q*t. Determine w(k).
8
Let a(s) = -2*s**3 - 2*s**2 + s + 2. Let y = -145 - -149. Let j be (y/10)/((-5)/((-225)/(-9))). Give a(j).
8
Let c(r) = r**2 + r + 13. Suppose 27*t - 224 = -t. Suppose -4*k = 2*k + t*k. What is c(k)?
13
Let q(z) = -z**3 - z**2 + 3*z. Let b(h) = 2*h**2 + 13*h - 119. Let s be b(5). Let t(x) = -3*x**3 - 5*x**2 + 9*x + 2. Let a(y) = s*q(y) + t(y). Give a(2).
0
Suppose 335*i = 337*i - 4*m - 82, 4*m + 156 = 4*i. Let r(v) = -2*v**2 + 77*v - 103. Determine r(i).
8
Let q(j) = 5*j - 13. Let r(l) = -3*l + 7. Let g(u) = 6*q(u) + 11*r(u). Let z(p) = -p**3 - 3*p**2 - 15*p - 49. Let b be z(-3). Give g(b).
11
Let b(q) be the third derivative of q**4/24 - 2*q**3/3 - q**2. Suppose 8 = 2*z + c, -c + 7 = 3*z - 3. Suppose -d = -d - z*d. What is b(d)?
-4
Suppose 33 + 27 = -12*j. Let i be ((-16)/(-4) - 8)/(j/10). Let f(z) = z + 1. Determine f(i).
9
Let x(v) = v**2 + 4*v - 4. Suppose j + 280 = -13*j. Let l be (11 - 9)/(0 + 8/j). Determine x(l).
1
Suppose 4*v + 61 + 53 = 2*q, -v = 3*q + 46. Let y = 31 + v. Let c(l) = l**2 - 19 + 2 + 12 - l + y*l**2. What is c(0)?
-5
Let k(i) = -12 + 3*i - 3 + 0*i**2 + i**2. Let q = -163310 + 163303. Give k(q).
13
Let u(c) be the second derivative of c**3 - 4*c**2 - 19*c - 18. Give u(-4).
-32
Let g(b) be the second derivative of -7*b**6/360 + b**5/60 + b**4/8 - 113*b**3/2 - 66*b. Let i(x) be the second derivative of g(x). Give i(-1).
-6
Let l be 4*12/9*3/8. Let g(i) = 3*i**2 + 1518*i - 5*i**l - 1517*i + 5*i**3. What is g(-2)?
-50
Suppose 0 = 15*m - 137 + 152. Let a(w) = 17*w + 22. Let k be a(m). Let l(j) be the second derivative of -5*j**3/6 + j**2/2 - j. Give l(k).
-24
Let y be 3/8 - ((-30)/(-24) - 4)/(-2). Let x(a) = 14*a. Let n(z) = -5*z. Let v(i) = -i. Let q(t) = -n(t) + 10*v(t). Let u(j) = -11*q(j) - 4*x(j). Give u(y).
1
Let w(u) = 1 - 3 + 4*u + 1. Let j(y) = -12*y + 0*y**2 - y**3 - 7*y**2 + 9*y**2 - 7*y**2 - 34. Let v be j(-4). Calculate w(v).
-9
Let v(t) be the third derivative of t**5/60 - 11*t**4/12 + t**3/2 + 8153*t**2. Calculate v(0).
3
Let b(g) be the first derivative of g - 140. Let j(d) = -d - 12. Let u(k) = 6*b(k) + j(k). Calculate u(-4).
-2
Let n(o) = o - 10. Let c(j) be the second derivative of j**3/3 - 10*j**2 - 21*j. Let i(z) = -4*c(z) + 9*n(z). Give i(6).
-4
Let i(q) = -5894 - 5888 - 3*q + 11797. Calculate i(-4).
27
Let x = 154 - 136. Suppose x = -3*u - 0. Let v(f) = -6*f + 3 - f**2 - 1 + 2. Determine v(u).
4
Let r be 40/(-5)*(-7)/28. Let x(f) = 7*f**3 - 3*f**2 - 2*f + 7. Calculate x(r).
47
Let f(w) = 29*w + 146. Let i(b) = 9*b + 45. Let u(n) = 4*f(n) - 13*i(n). Determine u(-2).
1
Let i(w) be the third derivative of w**6/120 - w**5/20 - w**4/4 + w**3/3 + w**2. Suppose 3*r + 22*u - 24*u - 14 = 0, 9 = r - 5*u. What is i(r)?
-6
Let w be 1/(32/48*9/30)*1. Let t(m) = m**3 - 3*m**2 - 6*m + 6. Calculate t(w).
26
Let u(k) = -9 - 12*k + 5*k + 16015*k**2 + 11*k - 2*k**3 - 16007*k**2. What is u(4)?
7
Let r = -34447 - -34438. Let h(y) = -y + 41. What is h(r)?
50
Suppose 2*l + 2*w - 27 = -3*l, -l = w - 3. Let o = l - -30. Let g = o - 41. Let p(c) = -c**2 - 2*c. Calculate p(g).
-8
Let t(d) = d**3 + 4*d**2 + 4. Let i be -2 - -5 - 5 - -2. Let a be t(i). Let p(g) = -4*g + 7. Calculate p(a).
-9
Let s be ((-7)/(-21))/(4/(-12)). Let l be s/(5 - (-112)/(-24)). Let j(r) = 6*r**2 + 6*r. Let n(o) = 5*o**2 + 6*o. Let b(c) = -4*j(c) + 5*n(c). What is b(l)?
-9
Let z(r) be the second derivative of 7*r**5/120 - r**4/6 + 13*r**3/6 + 3*r**2/2 + 116*r. Let a(g) be the second derivative of z(g). Calculate a(-3).
-25
Let l(p) be the second derivative of p**5/20 + 11*p**4/6 + 17*p**3/6 - 48*p**2 - 7*p - 204. What is l(-21)?
-12
Suppose 5*z + t - 17 = 5*t, 30 = 4*z + 5*t. Suppose 0 = -z*f + 8 + 2. Suppose x = -2*q + 9, f*x = -2*x + 4. Let j(m) = m**3 - 4*m**2 - 2*m + 5. Calculate j(q).
-3
Let c(j) = 7*j - 5. Suppose 5*z - 5 = 2*v, -z + 1 = 3*v + 2*v. Let g be c(z). Let t(i) = i - 2. Give t(g).
0
Let j(m) = m**3 + 7*m**2 - 66*m - 364. Let q be j(-10). Let h(t) = -9*t - 33. What is h(q)?
3
Suppose -2*n = 3*p - 3, -n = -5*n - 2*p - 14. Let v(f) = -536 + 1050 - 528 + 21*f + 27*f - 49*f. What is v(n)?
-8
Let i(u) = -2*u**2 + 6*u + 2. Let o = -961 - -964. Calculate i(o).
2
Let b(k) = 9*k**3 + k**2 + 7*k + 4. Let d(r) = -10*r**3 - r**2 - 9*r - 5. Suppose -27*u + 275 = 28*u. Let c(q) = u*b(q) + 4*d(q). Calculate c(1).
5
Let k(q) = -q**2 + q + 5. Suppose 0 = d + 3*z - 16, 99*d - 101*d = 4*z - 24. Determine k(d).
-7
Let q(l) = 16*l**2 + l. Suppose 0 = -262*g + 272*g + 10. Determine q(g).
15
Suppose 15*t = 4442 - 632. Let k = t - 256. Let j(v) = 13*v**2 + 9*v + 11. Let w(m) = -7*m**2 - 5*m - 6. Let d(g) = 4*j(g) + 7*w(g). Determine d(k).
12
Suppose 6*v - 109 + 59 = 76. Let x(j) = j**2 - 20*j - 72. Calculate x(v).
-51
Suppose -3*n + 5*c = 3, 0*c = -4*n - 2*c + 22. Let u(q) = -q**2 - 1. Let v(i) = 48*i - 45*i + 2 + 8*i**2 - 3*i**2. Let l(a) = n*u(a) + v(a). What is l(-4)?
2
Let p = 9124 + -9126. Let n(a) be the second derivative of -a**3/6 + a**2 - a. Determine n(p).
4
Let l(z) = -z**2 - 7*z + 2. Suppose -d = -28*d + 243. Suppose -d*y - a = -8*y + 7, -4*y = -a + 28. What is l(y)?
2
Let d(y) = -63*y + 91. Let f(j) = 7*j - 12. Let h(a) = 4*d(a) + 35*f(a). Determine h(-9).
7
Let z = 42715 - 42716. Let w(g) = -119*g**3 + 14*g**2 - 3*g + 14. Let o(i) = 40*i**3 - 5*i**2 + i - 5. Let r(d) = -17*o(d) - 6*w(d). Calculate r(z).
-33
Let a(x) = -x - 5. Let r(u) = 2*u**2 - 2. Let g(w) = -3*w**2 - w + 4. Let d(j) = 3*g(j) + 7*r(j). Let b be d(-2). Suppose -b = 7*c + 11. What is a(c)?
0
Suppose -424*g + 669*g = -245. Let i(r) = 9*r + 2. Calculate i(g).
-7
Let r(n) = n**3 - 17*n**2 + 6*n + 432. Let w be r(7). Let c(x) = x + 33. What is c(w)?
17
Let g(h) = -h**2 - 8*h - 7. Let z be (-3)/((-1)/((-6)/9)). Let s be (-1 - z) + 72/(-8). Let n = 2 + s. Calculate g(n).
5
Let k(z) be the second derivative of 31*z**4/6 - 105*z + 5. Give k(1).
62
Let t(r) = 198*r - 4 - 47*r - 17*r**2 - 134*r + r**3. Give t(16).
12
Let x(z) = 3*z + 18. Suppose -6026 = 26*n + 20*n. Let v = n + 123. Calculate x(v).
-6
Let b(c) = c**3 - 2*c**2 - 4*c + 2. Let v be b(3). Suppose -175 = -3*k - 4*k. Let j(s) = 1 + k*s + 0 + 0 - 8*s. Calculate j(v).
-16
Let f(o) = -4*o - 3*o - 14 + 18. Let r = 56538 - 56539. Determine f(r).
11
Suppose -3*g + 4*x - 91 = -991, -1193 = -4*g + 3*x. Suppose g*w = 300*w. Let d(b) = -2*b + 11. What is d(w)?
11
Suppose 7*y - 6*y - 2 = 0. Suppose 2*j = 6*j + y*x - 18, 5*x - 30 = -5*j.